{"id":97093,"date":"2024-01-26T14:29:07","date_gmt":"2024-01-26T13:29:07","guid":{"rendered":"https:\/\/www.mojevrijeme.hr\/magazin\/?page_id=97093"},"modified":"2024-01-26T14:30:43","modified_gmt":"2024-01-26T13:30:43","slug":"draga-beba","status":"publish","type":"page","link":"https:\/\/www.mojevrijeme.hr\/magazin\/draga-beba\/","title":{"rendered":"Draga Beba"},"content":{"rendered":"\n<p>Imate li pitanje ili neko zapa\u017eanje koje biste podijelili s na\u0161om stru\u010dnjakinjom za lijepo pona\u0161anje <strong>Bebom Mu\u0161icki<\/strong>? Napi\u0161ite nam to u donjem obrascu potpuno <strong>anonimno<\/strong>, a mi \u0107emo to novinarski urediti te objaviti na na\u0161im stranicama uz Bebin odgovor.<\/p>\n\n\n\n<p>Prije nego pritisnite gumb <strong>&#8220;Po\u0161alji&#8221;<\/strong> budite sigurni da ste: <\/p>\n\n\n\n<ul class=\"wp-block-list\">\n<li>ispri\u010dali detaljno predmetnu situaciju i za\u0161to vas ona mu\u010di<\/li>\n\n\n\n<li>jasno formulirali pitanje ili komentar<\/li>\n<\/ul>\n\n\n\n<p>Unos <em>e-mail<\/em> adrese nije nu\u017ean, no mo\u017ee nam pomo\u0107i u slu\u010daju da vam se po\u017eelimo javiti povratnom porukom.<\/p>\n\n\n\n<div class=\"wp-block-jetpack-contact-form\">\n\n\n\n\n\n<\/div>\n\n\n\n<p><em>Polje za poruku mo\u017eete pro\u0161iriti tako da mi\u0161em uhvatite njegov donji desni ugao&nbsp;i povu\u010dete ga prema dolje.&nbsp;<\/em><\/p>\n","protected":false},"excerpt":{"rendered":"<p>Imate li pitanje ili neko zapa\u017eanje koje biste podijelili s na\u0161om stru\u010dnjakinjom za lijepo pona\u0161anje Bebom Mu\u0161icki? Napi\u0161ite nam to u donjem obrascu potpuno anonimno, a mi \u0107emo to novinarski urediti te objaviti na na\u0161im stranicama uz Bebin odgovor. Prije nego pritisnite gumb &#8220;Po\u0161alji&#8221; budite sigurni da ste: Unos e-mail adrese nije nu\u017ean, no mo\u017ee [&hellip;]<\/p>\n","protected":false},"author":1,"featured_media":0,"parent":0,"menu_order":0,"comment_status":"closed","ping_status":"closed","template":"","meta":{"footnotes":""},"class_list":["post-97093","page","type-page","status-publish","hentry"],"_links":{"self":[{"href":"https:\/\/www.mojevrijeme.hr\/magazin\/wp-json\/wp\/v2\/pages\/97093","targetHints":{"allow":["GET"]}}],"collection":[{"href":"https:\/\/www.mojevrijeme.hr\/magazin\/wp-json\/wp\/v2\/pages"}],"about":[{"href":"https:\/\/www.mojevrijeme.hr\/magazin\/wp-json\/wp\/v2\/types\/page"}],"author":[{"embeddable":true,"href":"https:\/\/www.mojevrijeme.hr\/magazin\/wp-json\/wp\/v2\/users\/1"}],"replies":[{"embeddable":true,"href":"https:\/\/www.mojevrijeme.hr\/magazin\/wp-json\/wp\/v2\/comments?post=97093"}],"version-history":[{"count":0,"href":"https:\/\/www.mojevrijeme.hr\/magazin\/wp-json\/wp\/v2\/pages\/97093\/revisions"}],"wp:attachment":[{"href":"https:\/\/www.mojevrijeme.hr\/magazin\/wp-json\/wp\/v2\/media?parent=97093"}],"curies":[{"name":"wp","href":"https:\/\/api.w.org\/{rel}","templated":true}]}}